{"id":135,"date":"2020-11-06T15:08:53","date_gmt":"2020-11-06T18:08:53","guid":{"rendered":"https:\/\/glutenouy.com\/g7o2\/?post_type=product&#038;p=135"},"modified":"2026-02-03T12:39:13","modified_gmt":"2026-02-03T15:39:13","slug":"alfajor-de-maicena-banado-x4-unidades-sin-azucar","status":"publish","type":"product","link":"https:\/\/glutenouy.com\/g7o2\/producto\/alfajor-de-maicena-banado-x4-unidades-sin-azucar\/","title":{"rendered":"Alfajor de Maicena Ba\u00f1ado x 6 unidades (Sin Az\u00facar)"},"content":{"rendered":"<p>Ingredientes:<\/p>\n<p>Almid\u00f3n de ma\u00edz, harina de arroz, leche en polvo descremada, polvo de hornear, sucralosa, vainilla, margarina qualy Light, huevos, dulce de leche Light los nietitos, cobertura amarga.<\/p>\n<p>COMPOSICI\u00d3N NUTRICIONAL 50g:<\/p>\n<table style=\"height: 153px;\" width=\"240\">\n<tbody>\n<tr>\n<td width=\"122\"><\/td>\n<td width=\"113\">Calor\u00edas &#8211; 105<\/td>\n<td width=\"173\">H. de Carbono &#8211; 22<\/td>\n<td width=\"97\">Prote\u00ednas &#8211; 3.4<\/td>\n<td width=\"137\">Grasas &#8211; 3.7<\/td>\n<\/tr>\n<tr>\n<td width=\"122\"><\/td>\n<td width=\"113\">Na\u00a0 &#8211; 105<\/td>\n<td width=\"173\">Fibra &#8211; 7.0<\/td>\n<td width=\"97\">Grasas saturadas &#8211; 0<\/td>\n<td width=\"137\"><\/td>\n<\/tr>\n<\/tbody>\n<\/table>\n","protected":false},"excerpt":{"rendered":"<p>Ingredientes: Almid\u00f3n de ma\u00edz, harina de arroz, leche en polvo descremada, polvo de hornear, sucralosa, vainilla, margarina qualy Light, huevos, dulce de leche Light los nietitos, cobertura amarga. COMPOSICI\u00d3N NUTRICIONAL 50g: Calor\u00edas &#8211; 105 H. de Carbono &#8211; 22 Prote\u00ednas&#8230; <\/p>\n<div class=\"readmore-section\"><a class=\"readmore-btn\" href=\"https:\/\/glutenouy.com\/g7o2\/producto\/alfajor-de-maicena-banado-x4-unidades-sin-azucar\/\">Seguir leyendo <i class=\"fa fa-arrow-right\"><\/i><\/a><\/div>\n","protected":false},"featured_media":904,"comment_status":"open","ping_status":"closed","template":"","meta":[],"product_brand":[],"product_cat":[17,35,58,38],"product_tag":[],"class_list":{"0":"post-135","1":"product","2":"type-product","3":"status-publish","4":"has-post-thumbnail","6":"product_cat-productos","7":"product_cat-alfajores-light-sin-azucar","8":"product_cat-meriendas-para-el-cole","9":"product_cat-para-el-te-sin-azucar","11":"first","12":"instock","13":"taxable","14":"shipping-taxable","15":"purchasable","16":"product-type-simple"},"jetpack_sharing_enabled":true,"_links":{"self":[{"href":"https:\/\/glutenouy.com\/g7o2\/wp-json\/wp\/v2\/product\/135","targetHints":{"allow":["GET"]}}],"collection":[{"href":"https:\/\/glutenouy.com\/g7o2\/wp-json\/wp\/v2\/product"}],"about":[{"href":"https:\/\/glutenouy.com\/g7o2\/wp-json\/wp\/v2\/types\/product"}],"replies":[{"embeddable":true,"href":"https:\/\/glutenouy.com\/g7o2\/wp-json\/wp\/v2\/comments?post=135"}],"version-history":[{"count":5,"href":"https:\/\/glutenouy.com\/g7o2\/wp-json\/wp\/v2\/product\/135\/revisions"}],"predecessor-version":[{"id":3500,"href":"https:\/\/glutenouy.com\/g7o2\/wp-json\/wp\/v2\/product\/135\/revisions\/3500"}],"wp:featuredmedia":[{"embeddable":true,"href":"https:\/\/glutenouy.com\/g7o2\/wp-json\/wp\/v2\/media\/904"}],"wp:attachment":[{"href":"https:\/\/glutenouy.com\/g7o2\/wp-json\/wp\/v2\/media?parent=135"}],"wp:term":[{"taxonomy":"product_brand","embeddable":true,"href":"https:\/\/glutenouy.com\/g7o2\/wp-json\/wp\/v2\/product_brand?post=135"},{"taxonomy":"product_cat","embeddable":true,"href":"https:\/\/glutenouy.com\/g7o2\/wp-json\/wp\/v2\/product_cat?post=135"},{"taxonomy":"product_tag","embeddable":true,"href":"https:\/\/glutenouy.com\/g7o2\/wp-json\/wp\/v2\/product_tag?post=135"}],"curies":[{"name":"wp","href":"https:\/\/api.w.org\/{rel}","templated":true}]}}