{"id":149,"date":"2020-11-06T16:39:59","date_gmt":"2020-11-06T19:39:59","guid":{"rendered":"https:\/\/glutenouy.com\/g7o2\/?post_type=product&#038;p=149"},"modified":"2026-02-03T12:46:32","modified_gmt":"2026-02-03T15:46:32","slug":"alfajor-de-nieve","status":"publish","type":"product","link":"https:\/\/glutenouy.com\/g7o2\/producto\/alfajor-de-nieve\/","title":{"rendered":"Alfajor de Nieve"},"content":{"rendered":"<p>Ingredientes:<\/p>\n<p>Almid\u00f3n de ma\u00edz, harina de arroz, polvo de hornear, az\u00facar, huevos, polvo de hornear, aceite alto oleico y vainilla.<\/p>\n<p>COMPOSICI\u00d3N NUTRICIONAL 100g:<\/p>\n<table style=\"height: 60px;\" width=\"109\">\n<tbody>\n<tr>\n<td width=\"122\"><\/td>\n<td width=\"113\">Calor\u00edas &#8211; 308<\/td>\n<td width=\"173\">H. de Carbono &#8211; 54<\/td>\n<td width=\"97\">Prote\u00ednas &#8211; 6.8<\/td>\n<td width=\"137\">Grasas &#8211; 7.4<\/td>\n<\/tr>\n<tr>\n<td width=\"122\"><\/td>\n<td width=\"113\">Na\u00a0 &#8211; 65<\/td>\n<td width=\"173\">Col<\/td>\n<td width=\"97\">Fibra &#8211; 0.3<\/td>\n<td width=\"137\">Grasas saturadas &#8211; 2.7<\/td>\n<\/tr>\n<\/tbody>\n<\/table>\n","protected":false},"excerpt":{"rendered":"<p>Ingredientes: Almid\u00f3n de ma\u00edz, harina de arroz, polvo de hornear, az\u00facar, huevos, polvo de hornear, aceite alto oleico y vainilla. COMPOSICI\u00d3N NUTRICIONAL 100g: Calor\u00edas &#8211; 308 H. de Carbono &#8211; 54 Prote\u00ednas &#8211; 6.8 Grasas &#8211; 7.4 Na\u00a0 &#8211; 65&#8230; <\/p>\n<div class=\"readmore-section\"><a class=\"readmore-btn\" href=\"https:\/\/glutenouy.com\/g7o2\/producto\/alfajor-de-nieve\/\">Seguir leyendo <i class=\"fa fa-arrow-right\"><\/i><\/a><\/div>\n","protected":false},"featured_media":1101,"comment_status":"open","ping_status":"closed","template":"","meta":[],"product_brand":[],"product_cat":[17,34,58,25],"product_tag":[],"class_list":{"0":"post-149","1":"product","2":"type-product","3":"status-publish","4":"has-post-thumbnail","6":"product_cat-productos","7":"product_cat-alfajores","8":"product_cat-meriendas-para-el-cole","9":"product_cat-para-el-te","11":"first","12":"instock","13":"taxable","14":"shipping-taxable","15":"purchasable","16":"product-type-simple"},"jetpack_sharing_enabled":true,"_links":{"self":[{"href":"https:\/\/glutenouy.com\/g7o2\/wp-json\/wp\/v2\/product\/149","targetHints":{"allow":["GET"]}}],"collection":[{"href":"https:\/\/glutenouy.com\/g7o2\/wp-json\/wp\/v2\/product"}],"about":[{"href":"https:\/\/glutenouy.com\/g7o2\/wp-json\/wp\/v2\/types\/product"}],"replies":[{"embeddable":true,"href":"https:\/\/glutenouy.com\/g7o2\/wp-json\/wp\/v2\/comments?post=149"}],"version-history":[{"count":4,"href":"https:\/\/glutenouy.com\/g7o2\/wp-json\/wp\/v2\/product\/149\/revisions"}],"predecessor-version":[{"id":1746,"href":"https:\/\/glutenouy.com\/g7o2\/wp-json\/wp\/v2\/product\/149\/revisions\/1746"}],"wp:featuredmedia":[{"embeddable":true,"href":"https:\/\/glutenouy.com\/g7o2\/wp-json\/wp\/v2\/media\/1101"}],"wp:attachment":[{"href":"https:\/\/glutenouy.com\/g7o2\/wp-json\/wp\/v2\/media?parent=149"}],"wp:term":[{"taxonomy":"product_brand","embeddable":true,"href":"https:\/\/glutenouy.com\/g7o2\/wp-json\/wp\/v2\/product_brand?post=149"},{"taxonomy":"product_cat","embeddable":true,"href":"https:\/\/glutenouy.com\/g7o2\/wp-json\/wp\/v2\/product_cat?post=149"},{"taxonomy":"product_tag","embeddable":true,"href":"https:\/\/glutenouy.com\/g7o2\/wp-json\/wp\/v2\/product_tag?post=149"}],"curies":[{"name":"wp","href":"https:\/\/api.w.org\/{rel}","templated":true}]}}