{"id":189,"date":"2020-11-06T17:54:46","date_gmt":"2020-11-06T20:54:46","guid":{"rendered":"https:\/\/glutenouy.com\/g7o2\/?post_type=product&#038;p=189"},"modified":"2026-02-03T13:09:25","modified_gmt":"2026-02-03T16:09:25","slug":"cuadrado-de-zanahoria-carrot-cacke","status":"publish","type":"product","link":"https:\/\/glutenouy.com\/g7o2\/producto\/cuadrado-de-zanahoria-carrot-cacke\/","title":{"rendered":"Cuadrado de Zanahoria (Carrot)"},"content":{"rendered":"<p>Ingredientes:<\/p>\n<p>Base: Almid\u00f3n de ma\u00edz, f\u00e9cula de mandioca, polvo de hornear, sucrazero, huevos, aceite vegetal alto oleico, zanahorias<\/p>\n<p>Encima: yogur natural, nueces, cheese cream.<\/p>\n<p>COMPOSICI\u00d3N NUTRICIONAL 120g:<\/p>\n<table style=\"height: 70px;\" width=\"50\">\n<tbody>\n<tr>\n<td width=\"122\"><\/td>\n<td width=\"113\">Calor\u00edas &#8211; 383<\/td>\n<td width=\"173\">H. de Carbono &#8211; 22<\/td>\n<td width=\"97\">Prote\u00ednas &#8211; 6.3<\/td>\n<td width=\"137\">Grasas &#8211; 30<\/td>\n<\/tr>\n<tr>\n<td width=\"122\"><\/td>\n<td>Na &#8211; 149<\/td>\n<td width=\"173\">Fibra &#8211; 1.6<\/td>\n<td width=\"97\">Grasas saturadas &#8211; 7<\/td>\n<td width=\"137\"><\/td>\n<\/tr>\n<\/tbody>\n<\/table>\n","protected":false},"excerpt":{"rendered":"<p>Ingredientes: Base: Almid\u00f3n de ma\u00edz, f\u00e9cula de mandioca, polvo de hornear, sucrazero, huevos, aceite vegetal alto oleico, zanahorias Encima: yogur natural, nueces, cheese cream. COMPOSICI\u00d3N NUTRICIONAL 120g: Calor\u00edas &#8211; 383 H. de Carbono &#8211; 22 Prote\u00ednas &#8211; 6.3 Grasas &#8211;&#8230; <\/p>\n<div class=\"readmore-section\"><a class=\"readmore-btn\" href=\"https:\/\/glutenouy.com\/g7o2\/producto\/cuadrado-de-zanahoria-carrot-cacke\/\">Seguir leyendo <i class=\"fa fa-arrow-right\"><\/i><\/a><\/div>\n","protected":false},"featured_media":1197,"comment_status":"open","ping_status":"closed","template":"","meta":[],"product_brand":[],"product_cat":[28,38],"product_tag":[],"class_list":{"0":"post-189","1":"product","2":"type-product","3":"status-publish","4":"has-post-thumbnail","6":"product_cat-cuadrados-light-sin-azucar","7":"product_cat-para-el-te-sin-azucar","9":"first","10":"instock","11":"taxable","12":"shipping-taxable","13":"purchasable","14":"product-type-simple"},"jetpack_sharing_enabled":true,"_links":{"self":[{"href":"https:\/\/glutenouy.com\/g7o2\/wp-json\/wp\/v2\/product\/189","targetHints":{"allow":["GET"]}}],"collection":[{"href":"https:\/\/glutenouy.com\/g7o2\/wp-json\/wp\/v2\/product"}],"about":[{"href":"https:\/\/glutenouy.com\/g7o2\/wp-json\/wp\/v2\/types\/product"}],"replies":[{"embeddable":true,"href":"https:\/\/glutenouy.com\/g7o2\/wp-json\/wp\/v2\/comments?post=189"}],"version-history":[{"count":4,"href":"https:\/\/glutenouy.com\/g7o2\/wp-json\/wp\/v2\/product\/189\/revisions"}],"predecessor-version":[{"id":3463,"href":"https:\/\/glutenouy.com\/g7o2\/wp-json\/wp\/v2\/product\/189\/revisions\/3463"}],"wp:featuredmedia":[{"embeddable":true,"href":"https:\/\/glutenouy.com\/g7o2\/wp-json\/wp\/v2\/media\/1197"}],"wp:attachment":[{"href":"https:\/\/glutenouy.com\/g7o2\/wp-json\/wp\/v2\/media?parent=189"}],"wp:term":[{"taxonomy":"product_brand","embeddable":true,"href":"https:\/\/glutenouy.com\/g7o2\/wp-json\/wp\/v2\/product_brand?post=189"},{"taxonomy":"product_cat","embeddable":true,"href":"https:\/\/glutenouy.com\/g7o2\/wp-json\/wp\/v2\/product_cat?post=189"},{"taxonomy":"product_tag","embeddable":true,"href":"https:\/\/glutenouy.com\/g7o2\/wp-json\/wp\/v2\/product_tag?post=189"}],"curies":[{"name":"wp","href":"https:\/\/api.w.org\/{rel}","templated":true}]}}