{"id":198,"date":"2020-11-07T18:38:10","date_gmt":"2020-11-07T21:38:10","guid":{"rendered":"https:\/\/glutenouy.com\/g7o2\/?post_type=product&#038;p=198"},"modified":"2026-02-03T13:00:45","modified_gmt":"2026-02-03T16:00:45","slug":"cuadrado-de-crumbel-manzana","status":"publish","type":"product","link":"https:\/\/glutenouy.com\/g7o2\/producto\/cuadrado-de-crumbel-manzana\/","title":{"rendered":"Cuadrado de Crumbel Manzana"},"content":{"rendered":"<p>Ingredientes:<\/p>\n<p><span style=\"font-weight: 400;\">Harina de arroz, almid\u00f3n de ma\u00edz, f\u00e9cula de mandioca, az\u00facar, margarina sin trans, huevos, manzana verde, almendras, polvo de hornear, vainilla, lim\u00f3n, canela, sal.<\/span><\/p>\n<p><span style=\"font-weight: 400;\">COMPOSICI\u00d3N NUTRICIONAL:<\/span><\/p>\n<table style=\"height: 158px;\" width=\"229\">\n<tbody>\n<tr>\n<td width=\"113\">Calor\u00edas &#8211; 465<\/td>\n<td width=\"173\">H. de Carbono &#8211; 74<\/td>\n<td width=\"97\">Prote\u00ednas &#8211; 7<\/td>\n<td width=\"137\">Grasas &#8211; 16<\/td>\n<\/tr>\n<tr>\n<td>Na &#8211; 340<\/td>\n<td>Col 19<\/td>\n<td>Fibra &#8211; 5.1<\/td>\n<td width=\"137\">Grasas saturadas &#8211; 1<\/td>\n<\/tr>\n<\/tbody>\n<\/table>\n","protected":false},"excerpt":{"rendered":"<p>Ingredientes: Harina de arroz, almid\u00f3n de ma\u00edz, f\u00e9cula de mandioca, az\u00facar, margarina sin trans, huevos, manzana verde, almendras, polvo de hornear, vainilla, lim\u00f3n, canela, sal. COMPOSICI\u00d3N NUTRICIONAL: Calor\u00edas &#8211; 465 H. de Carbono &#8211; 74 Prote\u00ednas &#8211; 7 Grasas &#8211;&#8230; <\/p>\n<div class=\"readmore-section\"><a class=\"readmore-btn\" href=\"https:\/\/glutenouy.com\/g7o2\/producto\/cuadrado-de-crumbel-manzana\/\">Seguir leyendo <i class=\"fa fa-arrow-right\"><\/i><\/a><\/div>\n","protected":false},"featured_media":536,"comment_status":"open","ping_status":"closed","template":"","meta":[],"product_brand":[],"product_cat":[27,25],"product_tag":[],"class_list":{"0":"post-198","1":"product","2":"type-product","3":"status-publish","4":"has-post-thumbnail","6":"product_cat-cuadrados-dulces","7":"product_cat-para-el-te","9":"first","10":"instock","11":"taxable","12":"shipping-taxable","13":"purchasable","14":"product-type-simple"},"jetpack_sharing_enabled":true,"_links":{"self":[{"href":"https:\/\/glutenouy.com\/g7o2\/wp-json\/wp\/v2\/product\/198","targetHints":{"allow":["GET"]}}],"collection":[{"href":"https:\/\/glutenouy.com\/g7o2\/wp-json\/wp\/v2\/product"}],"about":[{"href":"https:\/\/glutenouy.com\/g7o2\/wp-json\/wp\/v2\/types\/product"}],"replies":[{"embeddable":true,"href":"https:\/\/glutenouy.com\/g7o2\/wp-json\/wp\/v2\/comments?post=198"}],"version-history":[{"count":2,"href":"https:\/\/glutenouy.com\/g7o2\/wp-json\/wp\/v2\/product\/198\/revisions"}],"predecessor-version":[{"id":1845,"href":"https:\/\/glutenouy.com\/g7o2\/wp-json\/wp\/v2\/product\/198\/revisions\/1845"}],"wp:featuredmedia":[{"embeddable":true,"href":"https:\/\/glutenouy.com\/g7o2\/wp-json\/wp\/v2\/media\/536"}],"wp:attachment":[{"href":"https:\/\/glutenouy.com\/g7o2\/wp-json\/wp\/v2\/media?parent=198"}],"wp:term":[{"taxonomy":"product_brand","embeddable":true,"href":"https:\/\/glutenouy.com\/g7o2\/wp-json\/wp\/v2\/product_brand?post=198"},{"taxonomy":"product_cat","embeddable":true,"href":"https:\/\/glutenouy.com\/g7o2\/wp-json\/wp\/v2\/product_cat?post=198"},{"taxonomy":"product_tag","embeddable":true,"href":"https:\/\/glutenouy.com\/g7o2\/wp-json\/wp\/v2\/product_tag?post=198"}],"curies":[{"name":"wp","href":"https:\/\/api.w.org\/{rel}","templated":true}]}}