{"id":203,"date":"2020-11-07T18:43:43","date_gmt":"2020-11-07T21:43:43","guid":{"rendered":"https:\/\/glutenouy.com\/g7o2\/?post_type=product&#038;p=203"},"modified":"2026-02-03T12:59:44","modified_gmt":"2026-02-03T15:59:44","slug":"cuadrado-de-frola-sin-lactosa","status":"publish","type":"product","link":"https:\/\/glutenouy.com\/g7o2\/producto\/cuadrado-de-frola-sin-lactosa\/","title":{"rendered":"Cuadrado de Frola (Sin lactosa)"},"content":{"rendered":"<p>Ingredientes:<\/p>\n<p><span style=\"font-weight: 400;\">Harina de arroz, almid\u00f3n de ma\u00edz, az\u00facar, huevos, aceite alto oleico, polvo de hornear, vainilla, membrillo y coco rallado.<\/span><\/p>\n<p><span style=\"font-weight: 400;\">COMPOSICI\u00d3N NUTRICIONAL:<\/span><\/p>\n<table style=\"height: 111px;\" width=\"85\">\n<tbody>\n<tr>\n<td width=\"113\">Calor\u00edas &#8211; 476<\/td>\n<td width=\"173\">H. de Carbono &#8211; 104<\/td>\n<td width=\"97\">Prote\u00ednas &#8211; 2.8<\/td>\n<td width=\"137\">Grasas &#8211; 5.3<\/td>\n<\/tr>\n<tr>\n<td>Na &#8211; 129<\/td>\n<td>Col 38<\/td>\n<td>Fibra &#8211; 1.2<\/td>\n<td width=\"137\">Grasas saturadas &#8211; 0.7<\/td>\n<\/tr>\n<\/tbody>\n<\/table>\n","protected":false},"excerpt":{"rendered":"<p>Ingredientes: Harina de arroz, almid\u00f3n de ma\u00edz, az\u00facar, huevos, aceite alto oleico, polvo de hornear, vainilla, membrillo y coco rallado. COMPOSICI\u00d3N NUTRICIONAL: Calor\u00edas &#8211; 476 H. de Carbono &#8211; 104 Prote\u00ednas &#8211; 2.8 Grasas &#8211; 5.3 Na &#8211; 129 Col&#8230; <\/p>\n<div class=\"readmore-section\"><a class=\"readmore-btn\" href=\"https:\/\/glutenouy.com\/g7o2\/producto\/cuadrado-de-frola-sin-lactosa\/\">Seguir leyendo <i class=\"fa fa-arrow-right\"><\/i><\/a><\/div>\n","protected":false},"featured_media":540,"comment_status":"open","ping_status":"closed","template":"","meta":[],"product_brand":[],"product_cat":[17,27,58,25],"product_tag":[],"class_list":{"0":"post-203","1":"product","2":"type-product","3":"status-publish","4":"has-post-thumbnail","6":"product_cat-productos","7":"product_cat-cuadrados-dulces","8":"product_cat-meriendas-para-el-cole","9":"product_cat-para-el-te","11":"first","12":"instock","13":"taxable","14":"shipping-taxable","15":"purchasable","16":"product-type-simple"},"jetpack_sharing_enabled":true,"_links":{"self":[{"href":"https:\/\/glutenouy.com\/g7o2\/wp-json\/wp\/v2\/product\/203","targetHints":{"allow":["GET"]}}],"collection":[{"href":"https:\/\/glutenouy.com\/g7o2\/wp-json\/wp\/v2\/product"}],"about":[{"href":"https:\/\/glutenouy.com\/g7o2\/wp-json\/wp\/v2\/types\/product"}],"replies":[{"embeddable":true,"href":"https:\/\/glutenouy.com\/g7o2\/wp-json\/wp\/v2\/comments?post=203"}],"version-history":[{"count":2,"href":"https:\/\/glutenouy.com\/g7o2\/wp-json\/wp\/v2\/product\/203\/revisions"}],"predecessor-version":[{"id":1848,"href":"https:\/\/glutenouy.com\/g7o2\/wp-json\/wp\/v2\/product\/203\/revisions\/1848"}],"wp:featuredmedia":[{"embeddable":true,"href":"https:\/\/glutenouy.com\/g7o2\/wp-json\/wp\/v2\/media\/540"}],"wp:attachment":[{"href":"https:\/\/glutenouy.com\/g7o2\/wp-json\/wp\/v2\/media?parent=203"}],"wp:term":[{"taxonomy":"product_brand","embeddable":true,"href":"https:\/\/glutenouy.com\/g7o2\/wp-json\/wp\/v2\/product_brand?post=203"},{"taxonomy":"product_cat","embeddable":true,"href":"https:\/\/glutenouy.com\/g7o2\/wp-json\/wp\/v2\/product_cat?post=203"},{"taxonomy":"product_tag","embeddable":true,"href":"https:\/\/glutenouy.com\/g7o2\/wp-json\/wp\/v2\/product_tag?post=203"}],"curies":[{"name":"wp","href":"https:\/\/api.w.org\/{rel}","templated":true}]}}