{"id":211,"date":"2020-11-07T19:00:20","date_gmt":"2020-11-07T22:00:20","guid":{"rendered":"https:\/\/glutenouy.com\/g7o2\/?post_type=product&#038;p=211"},"modified":"2026-02-03T13:18:35","modified_gmt":"2026-02-03T16:18:35","slug":"sandwich-olimpico-x4-unidades","status":"publish","type":"product","link":"https:\/\/glutenouy.com\/g7o2\/producto\/sandwich-olimpico-x4-unidades\/","title":{"rendered":"S\u00e1ndwich Ol\u00edmpico x4 unidades"},"content":{"rendered":"<p>Ingredientes:<\/p>\n<p><span style=\"font-weight: 400;\">Almid\u00f3n de ma\u00edz, harina de soja integral org\u00e1nica, maltodextrina, goma xantica, aceite de girasol alto oleico, levadura seca, az\u00facar, agua y sal. Mayonesa cousa, queso dambo claldy, jam\u00f3n centenario, lechuga, tomate y huevo duro.<\/span><\/p>\n<p><span style=\"font-weight: 400;\">COMPOSICI\u00d3N NUTRICIONAL x 80 g\u00a0<\/span><span style=\"font-weight: 400;\">(1 UNIDAD):<\/span><\/p>\n<table style=\"height: 54px;\" width=\"79\">\n<tbody>\n<tr>\n<td width=\"113\">Calor\u00edas &#8211; 114<\/td>\n<td width=\"173\">H. de Carbono &#8211; 12<\/td>\n<td width=\"97\">Prote\u00ednas &#8211; 6<\/td>\n<td width=\"137\">Grasas &#8211; 4.5<\/td>\n<\/tr>\n<tr>\n<td>Na &#8211; 114<\/td>\n<td>Col 45<\/td>\n<td>Fibra &#8211; 0.6<\/td>\n<td width=\"137\">Grasas saturadas &#8211; 3<\/td>\n<\/tr>\n<\/tbody>\n<\/table>\n","protected":false},"excerpt":{"rendered":"<p>Ingredientes: Almid\u00f3n de ma\u00edz, harina de soja integral org\u00e1nica, maltodextrina, goma xantica, aceite de girasol alto oleico, levadura seca, az\u00facar, agua y sal. Mayonesa cousa, queso dambo claldy, jam\u00f3n centenario, lechuga, tomate y huevo duro. COMPOSICI\u00d3N NUTRICIONAL x 80 g\u00a0(1&#8230; <\/p>\n<div class=\"readmore-section\"><a class=\"readmore-btn\" href=\"https:\/\/glutenouy.com\/g7o2\/producto\/sandwich-olimpico-x4-unidades\/\">Seguir leyendo <i class=\"fa fa-arrow-right\"><\/i><\/a><\/div>\n","protected":false},"featured_media":1250,"comment_status":"open","ping_status":"closed","template":"","meta":[],"product_brand":[],"product_cat":[17,58,26],"product_tag":[],"class_list":{"0":"post-211","1":"product","2":"type-product","3":"status-publish","4":"has-post-thumbnail","6":"product_cat-productos","7":"product_cat-meriendas-para-el-cole","8":"product_cat-sandwiches","10":"first","11":"instock","12":"taxable","13":"shipping-taxable","14":"purchasable","15":"product-type-simple"},"jetpack_sharing_enabled":true,"_links":{"self":[{"href":"https:\/\/glutenouy.com\/g7o2\/wp-json\/wp\/v2\/product\/211","targetHints":{"allow":["GET"]}}],"collection":[{"href":"https:\/\/glutenouy.com\/g7o2\/wp-json\/wp\/v2\/product"}],"about":[{"href":"https:\/\/glutenouy.com\/g7o2\/wp-json\/wp\/v2\/types\/product"}],"replies":[{"embeddable":true,"href":"https:\/\/glutenouy.com\/g7o2\/wp-json\/wp\/v2\/comments?post=211"}],"version-history":[{"count":2,"href":"https:\/\/glutenouy.com\/g7o2\/wp-json\/wp\/v2\/product\/211\/revisions"}],"predecessor-version":[{"id":1842,"href":"https:\/\/glutenouy.com\/g7o2\/wp-json\/wp\/v2\/product\/211\/revisions\/1842"}],"wp:featuredmedia":[{"embeddable":true,"href":"https:\/\/glutenouy.com\/g7o2\/wp-json\/wp\/v2\/media\/1250"}],"wp:attachment":[{"href":"https:\/\/glutenouy.com\/g7o2\/wp-json\/wp\/v2\/media?parent=211"}],"wp:term":[{"taxonomy":"product_brand","embeddable":true,"href":"https:\/\/glutenouy.com\/g7o2\/wp-json\/wp\/v2\/product_brand?post=211"},{"taxonomy":"product_cat","embeddable":true,"href":"https:\/\/glutenouy.com\/g7o2\/wp-json\/wp\/v2\/product_cat?post=211"},{"taxonomy":"product_tag","embeddable":true,"href":"https:\/\/glutenouy.com\/g7o2\/wp-json\/wp\/v2\/product_tag?post=211"}],"curies":[{"name":"wp","href":"https:\/\/api.w.org\/{rel}","templated":true}]}}