{"id":2752,"date":"2022-11-28T12:56:41","date_gmt":"2022-11-28T15:56:41","guid":{"rendered":"https:\/\/glutenouy.com\/g7o2\/?post_type=product&#038;p=2752"},"modified":"2024-12-04T11:16:05","modified_gmt":"2024-12-04T14:16:05","slug":"budin-ingles-x-500-g","status":"publish","type":"product","link":"https:\/\/glutenouy.com\/g7o2\/producto\/budin-ingles-x-500-g\/","title":{"rendered":"Bud\u00edn divertidos x 350 g caja x 4 u"},"content":{"rendered":"<p>Varios sabores:<\/p>\n<p>chocolate y almendras<\/p>\n<p>Naranja con glas\u00e9 de lim\u00f3n<\/p>\n<p>Semillas varias<\/p>\n<p>Man\u00ed y pasas de uva<\/p>\n<p>&nbsp;<\/p>\n","protected":false},"excerpt":{"rendered":"<p>Varios sabores: chocolate y almendras Naranja con glas\u00e9 de lim\u00f3n Semillas varias Man\u00ed y pasas de uva &nbsp;<\/p>\n","protected":false},"featured_media":3735,"comment_status":"closed","ping_status":"closed","template":"","meta":[],"product_brand":[],"product_cat":[66,17,25],"product_tag":[],"class_list":{"0":"post-2752","1":"product","2":"type-product","3":"status-publish","4":"has-post-thumbnail","6":"product_cat-para-fin-de-ano","7":"product_cat-productos","8":"product_cat-para-el-te","10":"first","11":"outofstock","12":"taxable","13":"shipping-taxable","14":"purchasable","15":"product-type-simple"},"jetpack_sharing_enabled":true,"_links":{"self":[{"href":"https:\/\/glutenouy.com\/g7o2\/wp-json\/wp\/v2\/product\/2752","targetHints":{"allow":["GET"]}}],"collection":[{"href":"https:\/\/glutenouy.com\/g7o2\/wp-json\/wp\/v2\/product"}],"about":[{"href":"https:\/\/glutenouy.com\/g7o2\/wp-json\/wp\/v2\/types\/product"}],"replies":[{"embeddable":true,"href":"https:\/\/glutenouy.com\/g7o2\/wp-json\/wp\/v2\/comments?post=2752"}],"version-history":[{"count":2,"href":"https:\/\/glutenouy.com\/g7o2\/wp-json\/wp\/v2\/product\/2752\/revisions"}],"predecessor-version":[{"id":3736,"href":"https:\/\/glutenouy.com\/g7o2\/wp-json\/wp\/v2\/product\/2752\/revisions\/3736"}],"wp:featuredmedia":[{"embeddable":true,"href":"https:\/\/glutenouy.com\/g7o2\/wp-json\/wp\/v2\/media\/3735"}],"wp:attachment":[{"href":"https:\/\/glutenouy.com\/g7o2\/wp-json\/wp\/v2\/media?parent=2752"}],"wp:term":[{"taxonomy":"product_brand","embeddable":true,"href":"https:\/\/glutenouy.com\/g7o2\/wp-json\/wp\/v2\/product_brand?post=2752"},{"taxonomy":"product_cat","embeddable":true,"href":"https:\/\/glutenouy.com\/g7o2\/wp-json\/wp\/v2\/product_cat?post=2752"},{"taxonomy":"product_tag","embeddable":true,"href":"https:\/\/glutenouy.com\/g7o2\/wp-json\/wp\/v2\/product_tag?post=2752"}],"curies":[{"name":"wp","href":"https:\/\/api.w.org\/{rel}","templated":true}]}}