{"id":730,"date":"2020-12-01T20:04:54","date_gmt":"2020-12-01T23:04:54","guid":{"rendered":"https:\/\/glutenouy.com\/g7o2\/?post_type=product&#038;p=730"},"modified":"2026-02-03T12:07:57","modified_gmt":"2026-02-03T15:07:57","slug":"arroz-integral-primavera-grande","status":"publish","type":"product","link":"https:\/\/glutenouy.com\/g7o2\/producto\/arroz-integral-primavera-grande\/","title":{"rendered":"Arroz integral primavera grande"},"content":{"rendered":"<p>Ingredientes:<\/p>\n<p>Arroz integral, cebolla, zanahoria y zucchini.<\/p>\n<table style=\"height: 112px;\" width=\"798\">\n<tbody>\n<tr>\n<td width=\"122\">COMPOSICI\u00d3N NUTRICIONAL<\/td>\n<td width=\"113\">Calor\u00edas &#8211; 318<\/td>\n<td width=\"173\">H. de Carbono &#8211; 69<\/td>\n<td width=\"97\">Prote\u00ednas &#8211; 8<\/td>\n<td width=\"137\">Grasas &#8211; 12<\/td>\n<\/tr>\n<tr>\n<td width=\"122\"><\/td>\n<td width=\"113\">Na\u00a0 &#8211; 11<\/td>\n<td width=\"173\">Col<\/td>\n<td width=\"97\">Fibra &#8211; 3<\/td>\n<td width=\"137\">Grasas saturadas &#8211; 0<\/td>\n<\/tr>\n<\/tbody>\n<\/table>\n","protected":false},"excerpt":{"rendered":"<p>Ingredientes: Arroz integral, cebolla, zanahoria y zucchini. COMPOSICI\u00d3N NUTRICIONAL Calor\u00edas &#8211; 318 H. de Carbono &#8211; 69 Prote\u00ednas &#8211; 8 Grasas &#8211; 12 Na\u00a0 &#8211; 11 Col Fibra &#8211; 3 Grasas saturadas &#8211; 0<\/p>\n","protected":false},"featured_media":1191,"comment_status":"closed","ping_status":"closed","template":"","meta":[],"product_brand":[],"product_cat":[44,55],"product_tag":[],"class_list":{"0":"post-730","1":"product","2":"type-product","3":"status-publish","4":"has-post-thumbnail","6":"product_cat-platos-de-comidas-saludables-sin-gluten","7":"product_cat-veggie","9":"first","10":"instock","11":"taxable","12":"shipping-taxable","13":"purchasable","14":"product-type-simple"},"jetpack_sharing_enabled":true,"_links":{"self":[{"href":"https:\/\/glutenouy.com\/g7o2\/wp-json\/wp\/v2\/product\/730","targetHints":{"allow":["GET"]}}],"collection":[{"href":"https:\/\/glutenouy.com\/g7o2\/wp-json\/wp\/v2\/product"}],"about":[{"href":"https:\/\/glutenouy.com\/g7o2\/wp-json\/wp\/v2\/types\/product"}],"replies":[{"embeddable":true,"href":"https:\/\/glutenouy.com\/g7o2\/wp-json\/wp\/v2\/comments?post=730"}],"version-history":[{"count":2,"href":"https:\/\/glutenouy.com\/g7o2\/wp-json\/wp\/v2\/product\/730\/revisions"}],"predecessor-version":[{"id":1599,"href":"https:\/\/glutenouy.com\/g7o2\/wp-json\/wp\/v2\/product\/730\/revisions\/1599"}],"wp:featuredmedia":[{"embeddable":true,"href":"https:\/\/glutenouy.com\/g7o2\/wp-json\/wp\/v2\/media\/1191"}],"wp:attachment":[{"href":"https:\/\/glutenouy.com\/g7o2\/wp-json\/wp\/v2\/media?parent=730"}],"wp:term":[{"taxonomy":"product_brand","embeddable":true,"href":"https:\/\/glutenouy.com\/g7o2\/wp-json\/wp\/v2\/product_brand?post=730"},{"taxonomy":"product_cat","embeddable":true,"href":"https:\/\/glutenouy.com\/g7o2\/wp-json\/wp\/v2\/product_cat?post=730"},{"taxonomy":"product_tag","embeddable":true,"href":"https:\/\/glutenouy.com\/g7o2\/wp-json\/wp\/v2\/product_tag?post=730"}],"curies":[{"name":"wp","href":"https:\/\/api.w.org\/{rel}","templated":true}]}}