{"id":755,"date":"2020-12-01T20:11:30","date_gmt":"2020-12-01T23:11:30","guid":{"rendered":"https:\/\/glutenouy.com\/g7o2\/?post_type=product&#038;p=755"},"modified":"2026-02-03T12:02:07","modified_gmt":"2026-02-03T15:02:07","slug":"croquetas-de-arroz-de-papa-o-de-espinaca-x-2-u","status":"publish","type":"product","link":"https:\/\/glutenouy.com\/g7o2\/producto\/croquetas-de-arroz-de-papa-o-de-espinaca-x-2-u\/","title":{"rendered":"Croquetas de arroz, de papa o de espinaca x 2 u"},"content":{"rendered":"<p>CROQUETAS DE ARROZ COM\u00daN O INTEGRAL<\/p>\n<p>Ingredientes:<\/p>\n<p>Arroz hervido y colado, cebolla, salsa blanca con nuez moscada y pimienta, queso rallado y sal. Rebozador de gluteno.<\/p>\n<table style=\"height: 81px;\" width=\"811\">\n<tbody>\n<tr>\n<td width=\"122\">COMPOSICI\u00d3N NUTRICIONAL<\/td>\n<td width=\"113\">Calor\u00edas &#8211; 458<\/td>\n<td width=\"173\">H. de Carbono &#8211; 93<\/td>\n<td width=\"97\">Prote\u00ednas &#8211; 14<\/td>\n<td width=\"137\">Grasas &#8211; 3.4<\/td>\n<\/tr>\n<tr>\n<td width=\"122\"><\/td>\n<td width=\"113\">Na\u00a0 &#8211; 78<\/td>\n<td width=\"173\">Col<\/td>\n<td width=\"97\">Fibra &#8211; 1.6<\/td>\n<td width=\"137\">Grasas saturadas &#8211; 3.3<\/td>\n<\/tr>\n<\/tbody>\n<\/table>\n<p>CROQUETAS DE ESPINACA Y MUZZARELLA<\/p>\n<p>Ingredientes:<\/p>\n<p>Espinaca, cebolla, muzzarella, huevos, queso rallado, nuez moscada, sal y rebozador gluteno.<\/p>\n<table style=\"height: 38px;\" width=\"798\">\n<tbody>\n<tr>\n<td width=\"122\">COMPOSICI\u00d3N NUTRICIONAL<\/td>\n<td width=\"113\">Calor\u00edas &#8211; 215<\/td>\n<td width=\"173\">H. de Carbono &#8211; 18<\/td>\n<td width=\"97\">Prote\u00ednas &#8211; 15<\/td>\n<td width=\"137\">Grasas &#8211; 9<\/td>\n<\/tr>\n<tr>\n<td width=\"122\"><\/td>\n<td width=\"113\">Na\u00a0 &#8211; 326<\/td>\n<td width=\"173\">Col<\/td>\n<td width=\"97\">Fibra &#8211; 4.5<\/td>\n<td width=\"137\">Grasas saturadas &#8211; 5.3<\/td>\n<\/tr>\n<\/tbody>\n<\/table>\n","protected":false},"excerpt":{"rendered":"<p>CROQUETAS DE ARROZ COM\u00daN O INTEGRAL Ingredientes: Arroz hervido y colado, cebolla, salsa blanca con nuez moscada y pimienta, queso rallado y sal. Rebozador de gluteno. COMPOSICI\u00d3N NUTRICIONAL Calor\u00edas &#8211; 458 H. de Carbono &#8211; 93 Prote\u00ednas &#8211; 14 Grasas&#8230; <\/p>\n<div class=\"readmore-section\"><a class=\"readmore-btn\" href=\"https:\/\/glutenouy.com\/g7o2\/producto\/croquetas-de-arroz-de-papa-o-de-espinaca-x-2-u\/\">Seguir leyendo <i class=\"fa fa-arrow-right\"><\/i><\/a><\/div>\n","protected":false},"featured_media":2381,"comment_status":"closed","ping_status":"closed","template":"","meta":[],"product_brand":[],"product_cat":[44],"product_tag":[],"class_list":{"0":"post-755","1":"product","2":"type-product","3":"status-publish","4":"has-post-thumbnail","6":"product_cat-platos-de-comidas-saludables-sin-gluten","8":"first","9":"instock","10":"taxable","11":"shipping-taxable","12":"purchasable","13":"product-type-simple"},"jetpack_sharing_enabled":true,"_links":{"self":[{"href":"https:\/\/glutenouy.com\/g7o2\/wp-json\/wp\/v2\/product\/755","targetHints":{"allow":["GET"]}}],"collection":[{"href":"https:\/\/glutenouy.com\/g7o2\/wp-json\/wp\/v2\/product"}],"about":[{"href":"https:\/\/glutenouy.com\/g7o2\/wp-json\/wp\/v2\/types\/product"}],"replies":[{"embeddable":true,"href":"https:\/\/glutenouy.com\/g7o2\/wp-json\/wp\/v2\/comments?post=755"}],"version-history":[{"count":3,"href":"https:\/\/glutenouy.com\/g7o2\/wp-json\/wp\/v2\/product\/755\/revisions"}],"predecessor-version":[{"id":1574,"href":"https:\/\/glutenouy.com\/g7o2\/wp-json\/wp\/v2\/product\/755\/revisions\/1574"}],"wp:featuredmedia":[{"embeddable":true,"href":"https:\/\/glutenouy.com\/g7o2\/wp-json\/wp\/v2\/media\/2381"}],"wp:attachment":[{"href":"https:\/\/glutenouy.com\/g7o2\/wp-json\/wp\/v2\/media?parent=755"}],"wp:term":[{"taxonomy":"product_brand","embeddable":true,"href":"https:\/\/glutenouy.com\/g7o2\/wp-json\/wp\/v2\/product_brand?post=755"},{"taxonomy":"product_cat","embeddable":true,"href":"https:\/\/glutenouy.com\/g7o2\/wp-json\/wp\/v2\/product_cat?post=755"},{"taxonomy":"product_tag","embeddable":true,"href":"https:\/\/glutenouy.com\/g7o2\/wp-json\/wp\/v2\/product_tag?post=755"}],"curies":[{"name":"wp","href":"https:\/\/api.w.org\/{rel}","templated":true}]}}