{"id":933,"date":"2020-12-11T15:23:49","date_gmt":"2020-12-11T18:23:49","guid":{"rendered":"https:\/\/glutenouy.com\/g7o2\/?post_type=product&#038;p=933"},"modified":"2026-02-03T13:09:02","modified_gmt":"2026-02-03T16:09:02","slug":"cuadrado-de-manzana-pasas-y-almendras-light","status":"publish","type":"product","link":"https:\/\/glutenouy.com\/g7o2\/producto\/cuadrado-de-manzana-pasas-y-almendras-light\/","title":{"rendered":"Cuadrado de manzana, pasas y almendras light"},"content":{"rendered":"<p>Ingredientes:<\/p>\n<p>Base: Almid\u00f3n de ma\u00edz, harina de arroz, leche en polvo descremada, polvo de hornear, sucrazero, vainilla, margarina Qually Light, huevos.<\/p>\n<p>Manzana roja, manzana verde, pasas de uva negras, jalea light, canela, sucrazero, vainilla, almendras, lim\u00f3n.<\/p>\n<p>COMPOSICI\u00d3N NUTRICIONAL 200g:<\/p>\n<table style=\"height: 62px;\" width=\"115\">\n<tbody>\n<tr>\n<td width=\"122\"><\/td>\n<td width=\"113\">Calor\u00edas &#8211; 268<\/td>\n<td width=\"173\">H. de Carbono &#8211; 50<\/td>\n<td width=\"97\">Prote\u00ednas &#8211; 4.5<\/td>\n<td width=\"137\">Grasas &#8211; 5.7<\/td>\n<\/tr>\n<tr>\n<td width=\"122\"><\/td>\n<td>Na &#8211; 122<\/td>\n<td width=\"173\">Fibra &#8211; 3<\/td>\n<td width=\"97\">Grasas saturadas &#8211; 0<\/td>\n<td width=\"137\"><\/td>\n<\/tr>\n<\/tbody>\n<\/table>\n","protected":false},"excerpt":{"rendered":"<p>Ingredientes: Base: Almid\u00f3n de ma\u00edz, harina de arroz, leche en polvo descremada, polvo de hornear, sucrazero, vainilla, margarina Qually Light, huevos. Manzana roja, manzana verde, pasas de uva negras, jalea light, canela, sucrazero, vainilla, almendras, lim\u00f3n. COMPOSICI\u00d3N NUTRICIONAL 200g: Calor\u00edas&#8230; <\/p>\n<div class=\"readmore-section\"><a class=\"readmore-btn\" href=\"https:\/\/glutenouy.com\/g7o2\/producto\/cuadrado-de-manzana-pasas-y-almendras-light\/\">Seguir leyendo <i class=\"fa fa-arrow-right\"><\/i><\/a><\/div>\n","protected":false},"featured_media":1029,"comment_status":"closed","ping_status":"closed","template":"","meta":[],"product_brand":[],"product_cat":[28,38],"product_tag":[],"class_list":{"0":"post-933","1":"product","2":"type-product","3":"status-publish","4":"has-post-thumbnail","6":"product_cat-cuadrados-light-sin-azucar","7":"product_cat-para-el-te-sin-azucar","9":"first","10":"instock","11":"taxable","12":"shipping-taxable","13":"purchasable","14":"product-type-simple"},"jetpack_sharing_enabled":true,"_links":{"self":[{"href":"https:\/\/glutenouy.com\/g7o2\/wp-json\/wp\/v2\/product\/933","targetHints":{"allow":["GET"]}}],"collection":[{"href":"https:\/\/glutenouy.com\/g7o2\/wp-json\/wp\/v2\/product"}],"about":[{"href":"https:\/\/glutenouy.com\/g7o2\/wp-json\/wp\/v2\/types\/product"}],"replies":[{"embeddable":true,"href":"https:\/\/glutenouy.com\/g7o2\/wp-json\/wp\/v2\/comments?post=933"}],"version-history":[{"count":4,"href":"https:\/\/glutenouy.com\/g7o2\/wp-json\/wp\/v2\/product\/933\/revisions"}],"predecessor-version":[{"id":1763,"href":"https:\/\/glutenouy.com\/g7o2\/wp-json\/wp\/v2\/product\/933\/revisions\/1763"}],"wp:featuredmedia":[{"embeddable":true,"href":"https:\/\/glutenouy.com\/g7o2\/wp-json\/wp\/v2\/media\/1029"}],"wp:attachment":[{"href":"https:\/\/glutenouy.com\/g7o2\/wp-json\/wp\/v2\/media?parent=933"}],"wp:term":[{"taxonomy":"product_brand","embeddable":true,"href":"https:\/\/glutenouy.com\/g7o2\/wp-json\/wp\/v2\/product_brand?post=933"},{"taxonomy":"product_cat","embeddable":true,"href":"https:\/\/glutenouy.com\/g7o2\/wp-json\/wp\/v2\/product_cat?post=933"},{"taxonomy":"product_tag","embeddable":true,"href":"https:\/\/glutenouy.com\/g7o2\/wp-json\/wp\/v2\/product_tag?post=933"}],"curies":[{"name":"wp","href":"https:\/\/api.w.org\/{rel}","templated":true}]}}